Suppose 2*w + 0 = 16. Let n = -10 + w. What is the units digit of 33/(n + -1)*-1?
1
Let m(p) = p**3 - 1 + 0*p**3 - p**2 + 0*p**2 + 2*p. Let v be 0/(-8) - 2/(-1). What is the units digit of m(v)?
7
What is the units digit of (-1 - -14) + (-3 - 0)?
0
Suppose 2*t + 3*t + 20 = 0, -88 = -4*s + 5*t. Let z = 3 + s. What is the tens digit of z?
2
Suppose y + 2*w - 175 = 0, -4*y + 3*w - 5*w + 706 = 0. What is the units digit of y?
7
Let n(y) = 6*y**3 + 2*y**2 - y. Let j = 0 + 0. Let a be j*3/9 - -1. What is the units digit of n(a)?
7
Suppose 4 = 3*p - 5, l - 17 = -5*p. Suppose 5*f - l*f = 39. What is the tens digit of f?
1
Let i be 1 - 1/((-2)/6). Suppose -38 - 6 = -i*z. What is the tens digit of z?
1
Let r(p) = -5*p + 23. What is the units digit of r(-7)?
8
What is the units digit of (-2)/36*-4 - 2548/(-36)?
1
Suppose -108 = -u - 2*u. Let p be (-4*(-9)/12)/1. Suppose -3*v + p*b = -24, 3*b + u = 6*v - v. What is the units digit of v?
6
Let a be (-2 + -1 + 11)/2. What is the units digit of a + -3 + 2 + 0?
3
What is the units digit of 0*1/3 - -4?
4
What is the units digit of (3 - 5)*(-39)/2?
9
Let k be (8/2)/(-2) - -2. Suppose -w + 0*m + 16 = m, k = 3*w - m - 36. What is the units digit of w?
3
Let s(t) = -t**3 + 9*t**2 + 4*t - 10. Suppose -25 + 7 = -2*h. What is the units digit of s(h)?
6
Let u(j) be the first derivative of 4*j**2 + 7*j - 5*j**2 + 1 - 4*j. What is the units digit of u(-3)?
9
Suppose -2*w + 8 = 2*z, 1 = 5*z - 5*w - 19. What is the units digit of z/20 - (-417)/15?
8
Let t = 103 - 31. What is the tens digit of t?
7
What is the tens digit of (8/2)/2 + 37?
3
Let r(h) = -2*h - 11. What is the tens digit of r(-18)?
2
Suppose 3*z + z = 40. Suppose 6 = -2*q + 2*y, 0*q + 6 = -q + 2*y. Suppose q = -0*a - 5*a + z. What is the units digit of a?
2
Let a(w) = w**2 + 6*w + 27. What is the hundreds digit of a(-13)?
1
Let x(z) = -z**3 + 4*z**2 - 2*z - 2. Suppose 12 + 13 = 5*h, -5*h - 20 = -3*s. Suppose -s = f - 6*f. What is the units digit of x(f)?
1
What is the units digit of (264/15*2)/(1/5)?
6
Let p = 8 - -3. Let n = 38 - p. What is the tens digit of n?
2
Suppose -15 = w + 4*w. What is the units digit of (-6)/9 + (-41)/w?
3
Let d = 64 - 3. What is the tens digit of d?
6
Suppose -52 - 48 = -4*q. What is the tens digit of q?
2
What is the units digit of (-1710)/(-25) - (-6)/(-15)?
8
Let u be (2/(-2) - -10) + 0. Let f be (-2)/3 - 12/u. Let k(o) = -2*o**3 - 2*o**2 - 2*o - 3. What is the units digit of k(f)?
9
Let x = -18 + 12. Let b(c) = -c**2 - 5*c + 5. Let l be b(x). What is the units digit of l*(-6)/2 + 1?
4
What is the tens digit of 5/25*41*5?
4
Let g(k) = -k + 10. Let m be g(8). Let v be (-8)/m*(-20)/(-16). Let s = v + 10. What is the units digit of s?
5
Let n(u) = -u + 7. Let b be n(6). Suppose 4*m = i - 1, 0 = -2*m + i - b. Suppose -3*c + 23 + 16 = m. What is the tens digit of c?
1
Let x = -4 - -6. Suppose x*l + 2*v = 10, 3 = -l - 3*v - 0*v. Suppose -l + 3 = -2*i. What is the units digit of i?
3
Suppose 2*y = -2*y - 4, 3*y + 15 = 2*x. What is the units digit of x?
6
Suppose -2*x + x = -s - 16, -s + 32 = 2*x. What is the units digit of x?
6
Suppose -4*y + 9 = 5*k + 21, -5*y = 15. Suppose 2*q - 4 = -3*z - 2, -4*q - 20 = k. Suppose -1 = z*s - 5. What is the units digit of s?
1
Suppose 4*m = q - 3*q + 184, 5*m - 5*q - 230 = 0. What is the tens digit of (-1)/4*-2*m?
2
Let j = 2 + 1. Suppose j*z + z - 68 = 3*n, 0 = 2*z - 3*n - 40. What is the units digit of z?
4
Suppose -5*m + 40 = 3*b, -1 - 7 = 2*m. What is the tens digit of b?
2
Let l = 462 + -275. What is the tens digit of l?
8
Let k = 18 + -11. Let l = -7 + k. Suppose l = 3*p + 2*p, -2*s + 12 = p. What is the units digit of s?
6
Let x(d) be the first derivative of d**4/4 + 2*d**3 + d**2 - 4*d - 3. What is the tens digit of x(-5)?
1
Let s(d) = d**3 - 4*d**2 + 5*d - 2. Let u be s(3). Let c be (-1 - -2)/((-2)/u). Let p = c + 4. What is the units digit of p?
2
Suppose -27*w + 25*w + 8 = 0. What is the units digit of w?
4
Let p(t) = 5*t - 5. Let y be p(4). Let u = y - -3. What is the units digit of u?
8
Suppose -4 = l - 2. Let n(r) = -r**3 + 1. What is the units digit of n(l)?
9
Let l be 3*5/((-45)/(-12)). Suppose -3*w + 147 = 3*h, -l*h - 2*w = -h - 148. Suppose 0*i = -5*i + h. What is the units digit of i?
0
Let i be -12 + 10 + (0 - 3). Let t = 10 + i. What is the units digit of t?
5
Let i(s) = s**2 - s + 2. Let g be (-20)/(-4) + -1*1. What is the units digit of i(g)?
4
Suppose 0 = 3*i - 7*i + 8. Suppose -i*w + 148 = -0*w. Suppose 4*o = 2*d - 0*d + w, -5*o - 2*d + 70 = 0. What is the tens digit of o?
1
Suppose -2*t - 8 + 0 = 0. What is the tens digit of (-9 + -3 + 6)*t?
2
Let i = -32 + 53. Suppose 0 = 4*l + 1 - i. What is the units digit of l?
5
Let b(u) = -5*u. Let i(k) = 6*k. Let c(s) = 7*b(s) + 6*i(s). Let m be c(4). Suppose -t = 5*w - 25, 3*t + m*w = t + 26. What is the units digit of t?
5
Suppose 3*t + 4*d - 18 = 10, 16 = 2*t + 2*d. Let h(n) = 2*n**2 - 5*n + 6. What is the tens digit of h(t)?
1
What is the hundreds digit of ((-8)/(-16))/((-2)/4)*-176?
1
Suppose -4*d + 729 = 225. What is the tens digit of d?
2
Suppose -d - 63 = -3*d + 5*q, -5*q = 25. Suppose -5*f = -d - 16. What is the units digit of 34/(-4)*(5 - f)?
7
Let h(a) = -a**2 + 27*a - 7. What is the hundreds digit of h(11)?
1
Let z(u) = 11*u**2 + 3*u + 4. Let c(o) = -5*o**2 - 2*o - 2. Let q(i) = -5*c(i) - 2*z(i). Let s be q(-2). What is the units digit of ((-12)/9)/((-4)/s)?
2
Let x = -17 - 25. Let f = x + 73. What is the tens digit of f?
3
Let i = 147 + -90. What is the tens digit of i?
5
Let b(d) be the first derivative of 6*d + 1 + 1/2*d**2. What is the units digit of b(0)?
6
Let z = -9 - -34. Let t = z - 13. Suppose 5*p = 2*g + t, -2*g + 3*g = 2*p - 5. What is the units digit of p?
2
Let f = -20 - -8. Let z = f + 26. What is the units digit of 4/z + 94/14?
7
Suppose 2*p + 1188 = 8*p. What is the hundreds digit of p?
1
Let p(a) = 7*a**3 + 14*a**2 + 10*a + 9. Let h(u) = 4*u**3 + 7*u**2 + 5*u + 4. Let r(o) = -5*h(o) + 3*p(o). What is the units digit of r(-6)?
3
Let r = -20 + 25. What is the units digit of r?
5
Let t(j) be the second derivative of j**4/6 + j**3/6 + j**2 - j. Let k be t(-2). Let l = 14 - k. What is the units digit of l?
6
Let w(k) = 15*k**2 - 27*k - 9. Let j(q) = -4 + 6*q**2 - 10*q - 3*q + q**2. Let b(s) = 13*j(s) - 6*w(s). What is the units digit of b(7)?
2
What is the tens digit of 26/(-3)*(-6)/4?
1
Suppose -3*q - 2*c = 5 + 7, 2*q - 11 = 5*c. What is the units digit of 78/(-65)*5/q?
3
Let g = 33 - 28. What is the units digit of g?
5
What is the units digit of (51/9 - 5) + (-442)/(-3)?
8
Suppose -a + 12 = a. Let m be -12*(25/10)/(-5). Suppose 34 = 5*s - z, -4*s + m = 3*z - a. What is the units digit of s?
6
Suppose -3*m + 8*m = 55. What is the units digit of m + (0/3 - 2)?
9
Let b be (-18)/(-24)*(-20)/(-1). Suppose b = 2*x - 19. What is the units digit of x?
7
Let h(u) = -u**3 - u**2. Let p be h(0). Suppose 0 = -2*a + 22 - p. What is the tens digit of a?
1
Suppose 5*z = 3*z. Suppose -4*v - 5 = -l, l + 4*v + v - 23 = z. Let t = -8 + l. What is the units digit of t?
5
Suppose 0 = -0*d - 3*d. Suppose d = 5*u - 5 - 10. What is the units digit of u?
3
What is the units digit of -1 + 1/2 + 246/4?
1
Let w(z) = 4*z - 7. Let p(q) = -2*q + 3. Let c(y) = -10*p(y) - 4*w(y). Let a be (-1 + (10 - 1))*(-2)/(-4). What is the tens digit of c(a)?
1
What is the units digit of 688/18 - 2/9?
8
Let p(u) = u**3 - 3*u**2 + 4. Let g be p(3). Suppose 0*n - 5*n - 5*l + 50 = 0, -g*n = -5*l - 4. What is the units digit of n?
6
Let s = -1 - 1. Let x be (-1 - 1) + (-4)/s. Suppose x = -5*w + 2*g + 31, 5*w = -5*g - 0 + 10. What is the units digit of w?
5
Suppose 2*k - 2*n - 18 = 0, 17 = -3*k - 5*n + 4. Suppose -k*w - 30 = -3*l - w, 0 = -5*w. What is the tens digit of l?
1
Suppose 154 = 5*n - 3*p, -2*p = 7*n - 2*n - 164. What is the tens digit of n?
3
Suppose 220 = 4*z - 4*y + 5*y, -z - y = -58. What is the tens digit of (-16)/(-12)*z/4?
1
Suppose 5*d - 244 = 4*t, -3*t - 18 = -d + 33. What is the units digit of d?
8
Let r = 64 + -34. What is the tens digit of r?
3
Let a be (-317)/(-5) + (-8)/20. Suppose 12 - a = -3*f. What is the tens digit of f?
1
Let u = -16 + 44. Suppose 5*t + 3 - u = 0. What is the units digit of t?
5
Suppose -3*c - 4*r + 136 = 0, 